*g + 7*g - 2*u - 8 = 0. Suppose -l = f - g + 3, 2*l - f - 5 = 0. Let t(y) = -2*y**2 + 7*y - 8. Determine t(l).
-2
Let j(n) = -n**3 - 9*n**2 - 10*n - 9. Let l(u) = -7*u**2 - 28*u + 27. Let a be l(1). What is j(a)?
7
Let z(m) = -14*m + 41. Let n be z(3). Let t(v) = 14*v**3 - v**2 + v + 1. What is t(n)?
-15
Suppose -747 - 579 = -17*i. Suppose -75*o = -i*o - 15. Let g(m) = 2*m**3 + 10*m**2 - m. Give g(o).
5
Let i(v) = 13*v**2 + 84*v - 39. Let x be i(-7). Let h(p) = -2*p + 23. Determine h(x).
3
Suppose -k + 1 = q - 6, 15 = 3*k. Suppose p = 5*f - 37, -6 + 18 = q*f + p. Let o(c) = c**3 - 7*c**2 - 8. Give o(f).
-8
Let i(h) be the second derivative of -9*h**3/2 - 12*h**2 - 34*h - 41. Calculate i(-3).
57
Let y(r) = r**2 + r - 9. Suppose 5*w + 30 = -5*p, w - 6*w - 3*p = 20. Let q be (w - -1 - 4)/(10 + -9). Let m be y(q). Let z(k) = -2*k + 3. Determine z(m).
-3
Let i(b) = 3*b**2 + 2. Let f be (1 - -26) + -4 + -3 + 12. Suppose 12*g - f*g - 40 = 0. What is i(g)?
14
Let d(u) be the first derivative of 6*u**2 + 2*u + 1. Suppose -2570 = 270*s - 2030. What is d(s)?
-22
Suppose 10 = -5*f, -10 = -5*p - 10*f - 40. Let t(h) be the second derivative of h**5/20 + h**4/4 - h**3/2 - h**2/2 + 2*h. Give t(p).
9
Let k(a) = a**3 + 26*a**2 + 51*a + 7. Let d be k(-24). Let t = d - -69. Let v(s) = s + 4*s + 2 - 5*s + 2*s. Determine v(t).
10
Let x(w) = 4. Let r = -1 - -4. Let q(p) be the first derivative of -p**2 + p + 7956. Let k(j) = r*q(j) - x(j). Determine k(-1).
5
Suppose 3 = 5*z - 3*w - 37, 2*z - w = 16. Let q(n) = -5 + 4*n**2 + z - 5*n**2 + 4*n + 5*n**2. Give q(-2).
11
Let j(w) be the second derivative of w**7/2520 - w**5/20 - 31*w**4/12 - 6*w + 2. Let y(x) be the third derivative of j(x). Calculate y(0).
-6
Suppose -44*v - 762 = 59*v + 165. Let g(h) = -h - 2. Let b(i) = -i - 1. Let u(p) = -3*b(p) + 2*g(p). Calculate u(v).
-10
Suppose z = m - 79 + 100, 59 = 3*z - 2*m. Let i(j) = 7*j - 113. Calculate i(z).
6
Suppose -34 = 3*p - 3*l - 106, -l = -4*p + 108. Let h(g) = 51 - 25 - p + g. What is h(0)?
-2
Let g(s) = 11*s - 10. Let l = -2214 + 2208. Calculate g(l).
-76
Let x(s) = -28*s**2 + 38*s - 19. Let u(m) = 25*m**2 - 36*m + 18. Let c(n) = -9*u(n) - 8*x(n). Determine c(21).
-31
Let w(l) be the second derivative of l**7/2520 + l**6/144 - l**5/20 - 5*l**4/12 - 7*l**3/3 + 3*l - 4. Let q(a) be the third derivative of w(a). Determine q(-5).
-6
Suppose 323 = -5*b - 682. Let d = b - -193. Let x(m) = m**2 + 6*m + 4. Calculate x(d).
20
Let q(h) = -15*h + 1. Let l(k) = -29*k + 20. Let x(c) = l(c) - 2*q(c). Suppose 0 = s + 12. What is x(s)?
6
Let d(g) = -12*g**2 + 3*g - 2. Suppose -1023*y + 1006*y = -17. Calculate d(y).
-11
Let g(r) = r**2 - 6*r + 4. Let k(w) = -w**3 - 7*w**2 + 6*w + 6. Let i be k(-6). Let n be 436/6 + (15 - (-176)/(-12)). Let j = i + n. Determine g(j).
11
Let v(p) = 14*p**3 - 15*p**3 - 807*p**2 + 6 + 800*p**2. Calculate v(-3).
-30
Suppose 4*t + 5*w + 28 = 0, 4*t - 62*w + 4 = -61*w. Let p(x) = 5*x**3 + 4*x**2 - 2*x - 3. Let s(q) = -q**3 - q**2. Let a(f) = p(f) + 6*s(f). Determine a(t).
1
Let v(l) = l**3 - 193 - 6*l**2 - 3*l - l**2 + 3*l**2 + 190. Give v(4).
-15
Let h(g) = -g**3 + g**2 - 5. Let f(w) = -w**3 - 2*w**2 - 42*w - 37. Let z(y) = -f(y) + 2*h(y). Give z(9).
0
Suppose 0 = 2*x - 40 + 10. Suppose -c = -4*l + 4 - 9, -x = 4*l - 3*c. Let r(p) be the second derivative of p**4/12 - p**3/6 - p**2/2 - 12*p. Determine r(l).
-1
Let w(i) = 198*i - 24. Let y(v) = 41*v. Let a(m) = w(m) - 5*y(m). What is a(-7)?
25
Let r(w) be the first derivative of -w**4/4 + 5*w**3/3 - 3*w**2 + 9*w - 1516. Give r(6).
-63
Let o(u) = -3*u**2 + 9*u + 6. Let l(k) = -k**2 + 3*k + 4. Let z(m) = 5*l(m) - 2*o(m). Determine z(-5).
48
Let t be 6/(-2) - 0 - -6. Suppose t = w - 1. Let v(i) be the first derivative of -i**2/2 + 5*i + 15. What is v(w)?
1
Let o(n) = 3*n**2 + 2*n - 6. Let m be o(-3). Let r be ((-168)/70)/(6/m). Let a(y) = -y**2 - 7*y + 6. Give a(r).
12
Let z(d) be the third derivative of -d**6/720 + d**4/24 + 41*d**3/6 - 52*d**2. Let q(a) be the second derivative of z(a). Give q(-10).
10
Let i(o) be the second derivative of o**4/6 - o**3/3 + 35*o**2/2 + 1524*o. What is i(0)?
35
Let i(v) be the first derivative of -6*v - 1/4*v**4 + 8/3*v**3 - 14 + 9/2*v**2. Calculate i(9).
-6
Let v be (-12 - -8)*6/(-24). Suppose -9*i = 8 + v. Let h(y) = -30*y**2 + y. Calculate h(i).
-31
Let b(w) be the second derivative of 3*w**3 - 189*w**2/2 + 2097*w + 2. Determine b(10).
-9
Let z(d) = 123 - 722*d + 362*d + 377*d. Give z(-7).
4
Suppose -1774 = 35*t + 431. Let a be (-1 - 1)/((-6)/(-159)). Let w = a - t. Let p(b) = -b**3 + 11*b**2 - 11*b + 10. Determine p(w).
0
Let r(b) = b**3 + 4*b**2 - 3*b - 3. Suppose 0 = -3*f + f + 5*j + 33, 5*f = -3*j + 129. Let q be -2 - (32 - (9 - 4)). Let y = q + f. What is r(y)?
-13
Let l(s) be the first derivative of -1/24*s**4 - 3 - s - 5/6*s**3 + 1/60*s**5 + s**2 + 1/120*s**6. Let o(a) be the second derivative of l(a). Calculate o(0).
-5
Let g(h) = 11*h**3 - 35*h**2 + 25. Let r(o) = -3*o**3 + 12*o**2 - 8. Let j(u) = 2*g(u) + 7*r(u). Give j(-14).
-6
Let k(o) = -216*o**2 + 22*o - 162. Let w(v) = -133*v**2 + 13*v - 97. Let c(j) = -8*k(j) + 13*w(j). Calculate c(-11).
-9
Let l(n) = -n**2 + 2. Let j = -643 + 644. Let u be 4/((-40)/15) - j/2. Give l(u).
-2
Let q = -64 + 88. Suppose q*c - 160 = 22*c. Let y(j) = 15*j - c + 157 - 78. What is y(-1)?
-16
Let j(b) = -b**2 - 2*b + 6. Let w = -39 + 44. Suppose w*r - 24 = -3*l, -2*l - 2*r - r = -16. Let d = l + -4. Determine j(d).
-18
Let q(o) be the second derivative of -o**4/12 - 17*o**3/6 - 23*o**2 - 6572*o. Give q(-13).
6
Let u be 6/(-4)*(533/39 + -13 + -4). Let v(j) = 5*j**2 - 12*j + 2. What is v(u)?
67
Let k(s) = -s**3 - 4*s**2 - 7*s - 6. Suppose 47*i + 22 + 90 = -29. Determine k(i).
6
Let m = -3317 + 3316. Let o(k) = -17*k**2 - 4*k - 5. Calculate o(m).
-18
Let s(l) = -l**2 - 6*l - 3. Suppose -5*z = k - 17, -14 = z - 6*z - 2*k. Suppose 3*v - 5 = 4*a - 4, 0 = -v - z*a - 21. What is s(v)?
2
Let k(l) = -l**3 - 5*l**2 - 4*l. Let q(p) = p**3 + 26*p**2 + p + 47. Let x be q(-26). Suppose 19*r = x*r + 178. Let s = r - -86. Give k(s).
-6
Let l(b) = b**3 - b**2 + b - 1. Let j(k) = -3*k**2 + 20*k - 11. Let h be j(15). Let g = -389 - h. Give l(g).
-40
Let b(v) = 2*v**2 - v + 3. Let m(n) = 2*n**2 + 5. Let o(d) = 4*b(d) - 5*m(d). What is o(-8)?
-109
Let k(i) be the second derivative of -i**6/60 - i**5/120 - 3*i**4 - i**3/6 - 61*i + 2. Let z(w) be the third derivative of k(w). What is z(-1)?
11
Let f(s) = 8*s**2 + 37*s + 30. Suppose 389*z = 386*z - 5*u - 4, -2*u - 1 = z. Give f(z).
-9
Let n be 900/11 + -2 - 8/(-44). Let j(s) = 79*s**2 + 1 + s + 0*s**3 - 5*s**3 - n*s**2. Determine j(-1).
4
Let p(t) be the third derivative of -t**6/120 - 2*t**5/15 + t**3/3 - 4302*t**2. Determine p(-8).
2
Let h(j) be the third derivative of -j**6/120 + j**5/15 - j**4/6 + 7*j**3/6 - 2*j**2 - 1522*j. What is h(5)?
-38
Let k(n) = n**3 + 7*n**2 - 8*n. Let z be k(-8). Let d = 35 - 33. Let s(f) = 0 - d + 0 + 6 - f. Give s(z).
4
Let o(u) = -2647*u - 1 + 3*u**2 + 5308*u - 2654*u. What is o(-5)?
39
Let x be ((-762)/8)/((-24)/32). Suppose -157 = -5*z - x. Let m(w) = w**2 - 6*w + 2. Determine m(z).
2
Let h be -493 + 515 + 16/(-1). Let r(y) = y**2 + 25*y - 208. What is r(h)?
-22
Let q(z) be the third derivative of -z**5/40 + z**4/24 - 19*z**3/3 + 64*z**2. Let t(n) be the first derivative of q(n). Calculate t(2).
-5
Suppose -144*j + 50 = -143*j. Let w(g) = -16 - 2*g**2 + j - 2*g - 32 + 3*g**2. Suppose -4 = 4*p - 16. What is w(p)?
5
Let s(o) be the first derivative of -o**5/60 + o**4/12 + 5*o**3/6 + 111*o**2 + 179. Let z(j) be the second derivative of s(j). Give z(3).
2
Let k(g) = 4*g + 10. Let u(w) = 8*w + 5. Let n(y) = -y. Let v(q) = -6*n(q) - u(q). Let s(x) = -4*k(x) - 7*v(x). What is s(-5)?
5
Let o(u) = 6*u + 6. Let w(n) = -17*n - 17. Let r(k) = 11*o(k) + 4*w(k). Let p(i) = -41*i - 1. Let c be p(-1). Let b be (32/c)/((-2)/10). Determine r(b).
6
Let n(a) = -a**3 - 28*a**2 - 50*a + 42. Let p = -1435 + 1409. What is n(p)?
-10
Let l(u) be the third derivative of 11*u**4/24 - 44*u**3/3 + 4326*u**2. Give l(12).
44
Let i(q) be the second derivative of q**5/60 + q**4/24 - 35*q**3/3 - 96*q. Let p(x) be the second derivative of i(x). Calculate p(0).
1
Let f(m) = -66*m + 274. Let y be f(4). 